culate the remainder when f is divided by 51.
2
Suppose 5*f + 2 = 3*t + 3, 2*t + 9 = -5*f. Calculate the remainder when 179 is divided by 72*(-91)/26*f/7.
35
Suppose -72*z + 72 = -3312. What is the remainder when 2913 is divided by z?
46
Let b(j) = -j**2 - 12*j + 5. Let d be (50/(-6))/((-2)/6). Let n = -37 + d. Calculate the remainder when 8 is divided by b(n).
3
Suppose -2*y = -3*y - 4*g + 115, -2*g - 465 = -5*y. Let d = y - 42. What is the remainder when d is divided by 14?
11
Suppose -4*m = -5*d - 177, 21*m - 38 = 20*m - 5*d. What is the remainder when 127 is divided by m?
41
Suppose -2*t = 239 - 359. Calculate the remainder when t is divided by 20.
0
Suppose -2*t = 2*u, 0 = 4*t - 4*u + 3*u. Suppose 0 = 5*b - 0*r - 5*r - 10, 3*b - r - 12 = t. Calculate the remainder when b is divided by 3.
2
Let w = 960 + -387. Calculate the remainder when w is divided by 147.
132
Let w = 29 + 302. Calculate the remainder when w is divided by 85.
76
Suppose 0 = k, x + 3*k + 4 - 32 = 0. Calculate the remainder when 48 is divided by x.
20
Let c(k) = 4*k**2 - 5*k + 2. Suppose 580 = 3*b + 544. Calculate the remainder when c(3) is divided by b.
11
Suppose 0 = -s - 6*r + 9*r + 107, 2*s + 3*r - 223 = 0. What is the remainder when s is divided by 16?
14
Let g(i) = i**2 + i + 2. Let u(p) = p**2 - 12*p + 4. Let k be u(13). Let r = k - 21. What is the remainder when 55 is divided by g(r)?
13
Let k(l) = l**3 + 5*l**2 - 3*l - 7. Suppose -2*z + 4*z + 10 = 0. What is the remainder when 4*(-115)/80*-4 is divided by k(z)?
7
Suppose -f + 9 = -6. Suppose 0 = -5*u + 150 - f. What is the remainder when u is divided by 15?
12
Let d(y) be the second derivative of y**4/12 - y**3/6 + y**2 - y. Let f = 30 - 34. Calculate the remainder when d(f) is divided by 12.
10
Suppose 2*x = -5*a - 2 + 5, 2*x - 2*a - 10 = 0. Suppose x*u + u - 80 = 0. Calculate the remainder when 44 is divided by u.
12
Let p(o) = -o**2 + 6*o - 4. Let j = 22 + -18. Let r be p(j). Suppose 0 = -4*z + 4*b + 116 + 48, -2*z = r*b - 94. Calculate the remainder when z is divided by 9.
7
Suppose 31 = 2*k - 49. Suppose -156 - k = -4*a. What is the remainder when a is divided by (4/(-2))/(4/(-26))?
10
Suppose 4*o = o + 105. Suppose q - 1742 = -1640. Calculate the remainder when q is divided by o.
32
Let q = -547 + 687. Calculate the remainder when q is divided by 51.
38
Let r(t) = t**3 - 4*t**2 + t + 42. What is the remainder when 76 is divided by r(4)?
30
Let u = -114 + 381. Calculate the remainder when u is divided by 18.
15
Suppose 2*k - 114 = -k. Suppose -2*y = -20 - 0. What is the remainder when 43 is divided by 15/y - k/(-4)?
10
Calculate the remainder when ((-14)/(-4) + (34 - 37))*18 is divided by 9.
0
Let v = 22 + -24. What is the remainder when (v - -11)*3 + (-1 - 1) is divided by 7?
4
Let v(d) be the second derivative of -d**3/2 + d**2 - 13*d. What is the remainder when 27 is divided by v(-1)?
2
Let b(y) = -2*y - 25. Suppose -3*q - 4*h - 34 = -6, -100 = 5*q - 4*h. What is the remainder when 11 is divided by b(q)?
4
Let p = -702 + 740. Calculate the remainder when p is divided by 16.
6
Let q(h) = -h**3 + 17*h**2 + 22*h - 338. What is the remainder when q(16) is divided by 20?
10
Let q = 6 + 5. Let v(d) = 9*d + 48. Let g(s) = s + 6. Let l(f) = -33*g(f) + 4*v(f). What is the remainder when l(15) is divided by q?
6
Let k(o) = 61*o - 22. Calculate the remainder when 70 is divided by k(1).
31
Let n(v) = 8*v**2 + 2*v - 4. Let q be (-6)/(-4) - (-2)/4. Calculate the remainder when n(q) is divided by 11.
10
Let g(r) = 2*r**2 - 7*r - 39. What is the remainder when ((-12)/8)/(6/(-640)) is divided by g(8)?
28
Suppose -49 = -5*h + 4*u + 97, -2*h - 4*u + 64 = 0. What is the remainder when 88 is divided by h?
28
Let k(p) = p**3 - 8*p**2 + 9*p + 1. Calculate the remainder when 1513 is divided by k(7).
13
Suppose 80*l + 80*l = 167*l - 7. Suppose 3*y + 0*t - 2*t = -3, -9 = 3*y - 4*t. What is the remainder when l is divided by y?
0
Let r be 7/((-28)/40) + -1. Let i(w) = w**2 + 9*w - 2. Calculate the remainder when 37 is divided by i(r).
17
Let a = -59 + 83. Let y = a + -12. What is the remainder when -1 + 4/10 - 672/(-20) is divided by y?
9
Let n(i) = 31*i - 104. What is the remainder when n(12) is divided by 10?
8
Let a(c) = c**3 - 22*c**2 + 86*c - 2. What is the remainder when 535 is divided by a(17)?
10
Calculate the remainder when (28 + -166)/((-2)/3) is divided by 21.
18
Let j = -45 + 18. Calculate the remainder when 194 is divided by j/(-6)*(-104)/(-12).
38
Let k = -1105 + 1153. What is the remainder when 209 is divided by k?
17
Let h(n) = 6 + 14 - 4 - 12*n + n**3 - 10*n**2. Let d be h(11). Suppose d*v = -2 + 162. What is the remainder when v is divided by 11?
10
Suppose 0 = -26*h + 19*h + 133. Calculate the remainder when 130 is divided by h.
16
Let k(j) = -6 + 4*j + j**2 + 2*j - 4 + 4. Let b be k(-8). Suppose -5*v = -b, -3*d + 53 = 2*d + 4*v. Calculate the remainder when 16 is divided by d.
7
Let a = 35 + 19. What is the remainder when 160 is divided by a?
52
Let s(i) = 19*i - 7. What is the remainder when s(16) is divided by 20?
17
Let u = 237 + -343. What is the remainder when (7 - u/(-14)) + (-613)/(-7) is divided by 30?
27
Let y be 7/((-14)/8) + 48. Let u = -28 + y. What is the remainder when 20 is divided by u?
4
Let u(d) = 5*d. Let a = -26 - -5. Calculate the remainder when (-564)/a - 2/(-14) is divided by u(3).
12
Let q(a) = 16*a**3 + 4*a**2 - 14*a + 22. Suppose -3*w + 19 = i, -5*w - 150 = -5*i + 5. Calculate the remainder when q(2) is divided by i.
26
Suppose 9*u = 12*u - 6. Suppose -2*t = -3*v - 21, -3*v + 51 = 4*t - u*t. Calculate the remainder when t is divided by 4.
2
Suppose 11*t = 821 + 554. What is the remainder when t is divided by 8?
5
Suppose 341 = -29*d + 2690. Calculate the remainder when d is divided by 17.
13
Let b(z) = z**2 - 2*z - 7. Suppose -4*c = 4*h - 44, 2*c + 20*h - 14 = 22*h. What is the remainder when b(6) is divided by c?
8
Suppose -3*d + 79 = -26. Calculate the remainder when d is divided by 81/297*(5 + 28).
8
Let b = 529 - 513. Calculate the remainder when 122 is divided by b.
10
Let h be (4 - 5)/(5/2 + -2). What is the remainder when 12 is divided by (16/(-20))/(h/20)?
4
What is the remainder when (-4387)/428*(-3 - 1) is divided by 29?
12
Let b(n) = -n**3 - 2*n**2 + 8*n + 6. Let w(u) = 4*u + 7. Let j be w(-3). Calculate the remainder when b(j) is divided by 11.
8
Let q(p) = -21*p - 594. What is the remainder when q(-36) is divided by 156?
6
Let a(o) = -3*o - 21. Let y(x) = -2*x - 11. Let r(t) = 3*a(t) - 5*y(t). Let p be r(11). Suppose -p*g + 2*g = -8. What is the remainder when 13 is divided by g?
5
Let n = 116 + -112. Suppose -5*z = n*z - 216. What is the remainder when 94 is divided by z?
22
Let t = -96 - -112. What is the remainder when 90 is divided by t?
10
What is the remainder when -114*((-28)/4)/21 is divided by 20?
18
Let h(x) = 2*x**2 - x - 2. Calculate the remainder when 270 is divided by h(3).
10
Suppose -f + 19 + 40 = 0. Let s = -39 + 59. Calculate the remainder when f is divided by s.
19
Let v(n) = -3*n + 12. Let i = 25 + -29. What is the remainder when 263 is divided by v(i)?
23
Suppose -6*h + k + 47 = -h, -5*k = 3*h - 17. Let f be 1/(-2)*2*-4. Let b = 10 - f. Calculate the remainder when h is divided by b.
3
Suppose 0 = 5*i - 18*i + 507. What is the remainder when 193 is divided by i?
37
Let g = 175 - 64. Suppose -4*c + g = 5*u, 3*c - 77 = -0*c - 5*u. What is the remainder when c is divided by 8/10*(-270)/(-12)?
16
Suppose 0 = 19*x - 1452 - 2595. What is the remainder when x is divided by 18?
15
Suppose 2*b = -8*z + 4*z + 2, -31 = -2*z + 5*b. Calculate the remainder when 11 is divided by z/2 + 11/22.
1
Suppose 57 = x - 8. Suppose 80*a - x = 75*a. Calculate the remainder when 23 is divided by a.
10
Suppose -80 = -3*l + p - 1, -2*p - 8 = 0. Let n be ((-1)/(-3))/((-2)/(-6)). Calculate the remainder when l is divided by (-1 + 8)*2/n.
11
Let w(q) = -100*q + 833. What is the remainder when w(8) is divided by (-3)/(-3)*(1 + 4)?
3
Suppose -4*t - 2*f + 122 = -0*f, -2*t = -4*f - 36. What is the remainder when (-5)/4 + 17316/208 is divided by t?
26
Let m(z) = z**2 - 2*z - 10. Suppose -3*l + 7 = -2*l. Let s be m(l). Suppose -g + a + 98 = s, 3*g + 3*a = 219. Calculate the remainder w